s divided by r?
13
Calculate the remainder when 34 is divided by (-18)/8*(-4)/1.
7
Let p(j) = j**3 + 2*j**2 - 3*j. Let h be p(-3). Calculate the remainder when (13 - 3)*(1 - h) is divided by 4.
2
Let z be (1 - 0)/(1/3). Let c be 1 + (z + 1)/(-2). What is the remainder when 0 + 10 - (c - -3) is divided by 5?
3
Suppose -5*k + 2*w + 38 = -2*w, -k - 3*w = 0. Let c(g) = 7*g - 3 - g**2 - 3 + 2. Calculate the remainder when k is divided by c(6).
0
Calculate the remainder when 34 is divided by (-608)/(-60) + (-10)/75.
4
Calculate the remainder when 26 - 1/(-3)*-6 is divided by 14.
10
Calculate the remainder when 12 is divided by 130/(-156) + (-34)/(-12).
0
Suppose 8*n = 3*n + 65. Suppose 4*f - 2*f - 34 = 0. Let m = -10 + f. Calculate the remainder when n is divided by m.
6
Suppose z = 3*n + 21, -4*z - 3*n + 6*n + 48 = 0. Let t = -1 + -14. Let c = t - -41. Calculate the remainder when c is divided by z.
8
Suppose -20*q + 593 = -127. What is the remainder when q is divided by 20?
16
Suppose -4*w - 12 = 4*b, 3*b + 0 = -w - 13. Let y(m) = 8*m**2 + 2 + 5*m**w - 5*m**2. Calculate the remainder when y(-2) is divided by 12.
10
Suppose 3*b - 7*b = -92. Calculate the remainder when b is divided by 5.
3
Suppose -i - w + 4 = 2, -w + 14 = 5*i. Suppose -1 = -4*g + i. What is the remainder when g is divided by 1?
0
Suppose -4*s + 51 = -41. Calculate the remainder when s is divided by 2/(2/(-5)*(-5)/13).
10
Suppose 3*y - 104 = 7. Calculate the remainder when y is divided by 14.
9
What is the remainder when 48 is divided by 4/10 + (-1)/((-30)/198)?
6
Let l(q) = 9*q - 11. Let y(j) = -5*j + 5. Let v(u) = 6*l(u) + 11*y(u). What is the remainder when 14 is divided by v(-16)?
4
Calculate the remainder when 19 is divided by 1 + (-16)/(-4) - -1.
1
Calculate the remainder when 127 is divided by (-217)/(-28) - (-1)/(-8)*-2.
7
Suppose -h - 10 = -z + 15, h + 5*z + 25 = 0. Let y = 3 - h. Suppose 0*p - 3*p + 14 = -4*r, 4*r + 4 = 2*p. Calculate the remainder when y is divided by p.
8
Let x be (2 - 5)*(-4)/3. Let n(m) = -7*m + 11. Let s(h) = -6*h + 10. Let y(k) = 4*n(k) - 5*s(k). Calculate the remainder when 2 is divided by y(x).
0
Suppose 2*x - 36 = 4*c - 12, -2*x = -2*c - 30. What is the remainder when 34 is divided by x?
16
Suppose -3*b + 5 = 2*b - 4*m, -3*b - 4*m = -35. Let h = b + -1. Suppose -t = -h*u + 46, -5*u + 4*t = t - 54. Calculate the remainder when u is divided by 7.
5
Let u be (-3)/6 - 1/(-2). Suppose -p = -u*p - 45. Let f = 15 - 3. What is the remainder when p is divided by f?
9
Let z(a) = -6*a + 7. Calculate the remainder when z(-9) is divided by 21.
19
Suppose 79 = 5*s - 3*r + 27, s - 16 = 2*r. What is the remainder when 23 is divided by s?
7
Calculate the remainder when 11 is divided by (2 + 1)*(-8)/(-6).
3
Let r(j) = -j**3 + 6*j**2 + 2*j. What is the remainder when 58 is divided by r(6)?
10
Let x(r) = 3*r**3 + r**2 - r - 1. Let z be x(2). Suppose 5*h - z = 20. Let l = 1 + h. What is the remainder when 29 is divided by l?
9
Calculate the remainder when 82 - (0 - 0/(-3)) is divided by 21.
19
Let w be 1/(-4) + 255/12. Let o = w + -4. What is the remainder when 48 is divided by o?
14
Let s(m) = m**3 - 2*m**2 + m + 4. Let q(d) = -d. Let t be q(-3). Let p = 126 + -81. Calculate the remainder when p is divided by s(t).
13
Let j = -43 - -79. Suppose 5*x - j = x. Calculate the remainder when 24 is divided by x.
6
Let d(w) = -2*w**3 + 5*w - 1. Let n be d(2). Let s = n - -18. Let x = -5 + 12. What is the remainder when s is divided by x?
4
Let p(i) = -i**2 + 4*i + 3. Let c be p(4). Suppose -c*z + 2*v + 3*v + 52 = 0, 3*z - v = 56. Calculate the remainder when z is divided by 7.
5
Let u(n) = -n**3 - 3*n**2 + n - 3. Calculate the remainder when 25 is divided by u(-4).
7
Let t be 1*2/4*-38. Let c(y) = y**2 - 9*y - 10. Let x be c(9). Let v = x - t. Calculate the remainder when 16 is divided by v.
7
Let v(x) = x**2 - 5*x + 8. Let w be v(6). Suppose 0 = -9*y + w*y - 65. Calculate the remainder when 51 is divided by y.
12
Let b(c) = 58*c**3 - c. What is the remainder when 282 is divided by b(1)?
54
Let n(d) = -5*d - 11*d - 8 - 2*d + 22*d. What is the remainder when n(4) is divided by 3?
2
Suppose -2*y = -9 - 1. What is the remainder when 17 is divided by y?
2
Let s = 3 + 4. Let h = -5 + s. What is the remainder when h is divided by 3/2 - 3/(-6)?
0
Let k be 4 + (-2 - (0 - 2)). Let f = k - -3. What is the remainder when 25 is divided by f?
4
Let u(d) = -34*d + 1. Suppose -4*m + t - 6*t + 48 = 0, m + 3*t = 12. What is the remainder when u(-1) is divided by m?
11
Let l = -6 - -10. Let r = -1 - l. Let w = r - -44. Calculate the remainder when w is divided by 20.
19
Suppose 0 = 54*k - 52*k - 76. Calculate the remainder when k is divided by 14.
10
Let d(q) = 1. Let k(w) = -w + 10. Let u(i) = -3*d(i) + k(i). Let z(r) = -r**2 - r - 6. Let t be z(0). Calculate the remainder when 24 is divided by u(t).
11
Suppose v = 3*r + 37, -2*v + 0*r - r + 39 = 0. Let m = 6 + 25. Let n = m - 19. Calculate the remainder when v is divided by n.
10
Let b(i) = i**3 - 5*i**2 - 5. Let g(v) = v**3 + 2*v**2 - 4*v + 3. Calculate the remainder when b(6) is divided by g(2).
9
Let z = -33 + 46. Let p(f) = f**3 - f**2 + 4. Suppose 0 = -h - 3*h. Calculate the remainder when z is divided by p(h).
1
Suppose -508 = -5*h + 157. What is the remainder when h is divided by 15?
13
Calculate the remainder when 50 is divided by 5 + -2 - (-5)/(10/24).
5
Suppose -5*k = 5*o - 0*k - 20, 0 = 2*o + 4*k + 2. What is the remainder when 16 is divided by o?
7
Let f be 2/1 - 7/(-7). Let j = 17 - f. What is the remainder when 25 is divided by j?
11
Let n = 151 - 125. Calculate the remainder when 50 is divided by n.
24
What is the remainder when 35 is divided by (2/(-8) - 343/(-28))*1?
11
Suppose -4*n - 35 = -2*t - 221, 3*n + 4*t - 167 = 0. Suppose b + 2 = 5. Let c(i) = 7*i - 4. Calculate the remainder when n is divided by c(b).
15
Let f(u) = u**3 + 11*u**2 + 16*u - 7. What is the remainder when 38 is divided by f(-9)?
5
Let k be (-18)/(-8) - 3/12. Calculate the remainder when 29 is divided by k*((-12)/(-1) - 4).
13
Let x(b) = b + 78. Let n be x(0). Suppose -n = 5*y + 5*s - 18, 6 = -y + 2*s. Let l = y - -16. Calculate the remainder when 11 is divided by l.
5
Calculate the remainder when 138 is divided by (42/(-28))/((-6)/80).
18
Calculate the remainder when ((-124)/20 + 3)*-5 is divided by 11.
5
Suppose -7*d = -134 - 496. Calculate the remainder when d is divided by 31.
28
Suppose 0*i + i = 3*b - 439, 3*i = b - 141. Suppose 2*a - 19 = b. Let h = a + -42. Calculate the remainder when h is divided by 14.
13
Let p = -16 - -29. Suppose 5*h + 5*z - 240 = -0*z, -3*z + 94 = 2*h. Calculate the remainder when h is divided by p.
11
Let b(m) = -m**3 - 7*m**2 + 7*m - 9. Let p be b(-8). Let n be (-50)/(-8) - p/(-4). Suppose -n + 12 = 3*w. Calculate the remainder when 3 is divided by w.
1
Suppose 33 = -2*j + 3*j. Calculate the remainder when j is divided by 9.
6
Let o = 1 + 5. Suppose 0 = -p + o*p. Suppose -49 = -4*x + t + 4*t, p = -4*x - 4*t + 4. Calculate the remainder when 17 is divided by x.
5
What is the remainder when 23 is divided by -15*-6*1/10?
5
Let t = 3 - 0. Suppose -4*q = 3*k + 7 - 3, -t*q - 28 = -4*k. Calculate the remainder when 38 is divided by (k/(-6))/(8/(-156)).
12
Let c = -55 - -14. Let s = 74 + c. Calculate the remainder when 97 is divided by s.
31
Suppose 0 = 9*n - 8*n - 14. Suppose 2*j = j + n. What is the remainder when 67 is divided by j?
11
Let z be -7*5 - (-1 + 2). Calculate the remainder when -1 - z - 9/(-3) is divided by 20.
18
Let g(j) = 14*j - 2. Let a be g(1). Suppose h - 2*h = -a. What is the remainder when 23 is divided by h?
11
Let g(u) = 3*u**2 + 2*u - 4. Let q = -12 + 9. Calculate the remainder when g(q) is divided by 9.
8
Suppose 0 = -2*n + 7 + 51. Suppose -6*m + 40 = -m. What is the remainder when n is divided by m?
5
Suppose c + 9 = -4*a + 324, 4*a = -4*c + 312. Calculate the remainder when a is divided by 40.
39
Let x = 140 - 51. What is the remainder when x is divided by 24?
17
Let g(h) = 2*h**2 + 21*h - 13. Calculate the remainder when 100 is divided by g(-13).
48
Suppose 0 = q + 2*l + l - 49, 119 = 3*q + 2*l. What is the remainder when q is divided by 13?
11
Suppose -24 + 10 = -2*y. Calculate the remainder 